{"id":18,"date":"2025-05-29T08:32:57","date_gmt":"2025-05-29T08:32:57","guid":{"rendered":"https:\/\/musik-macht-spass-hamburg.de\/?page_id=18"},"modified":"2025-06-28T18:43:27","modified_gmt":"2025-06-28T18:43:27","slug":"links","status":"publish","type":"page","link":"https:\/\/musik-macht-spass-hamburg.de\/?page_id=18","title":{"rendered":"Links"},"content":{"rendered":"\n<p><\/p>\n\n\n\n<p><a href=\"http:\/\/www.tastenspass-hamburg.de\/\" target=\"_blank\" rel=\"noreferrer noopener\">www.tastenspass-hamburg.de<\/a>&nbsp;Klaviernoten, Kompositionen, Arrangements f\u00fcr sechs bis acht H\u00e4nde, Christiane Becker, Serena Kahnert, Gabriele Schneider<\/p>\n\n\n\n<p><a href=\"http:\/\/www.sternschanzen-atelier.de\/\" target=\"_blank\" rel=\"noreferrer noopener\">www.sternschanzen-atelier.de<\/a>&nbsp;Atelier f\u00fcr Musik, Bewegung und Improvisation,<br>Serena Kahnert, Klavierunterricht<\/p>\n\n\n\n<p><a href=\"http:\/\/www.musikundpsyche.de\/\" target=\"_blank\" rel=\"noreferrer noopener\">www.musikundpsyche.de&nbsp;<\/a>Website von Christiane Becker, Musik und Psyche, Klavierunterricht, Musiktherapie, Komposition<\/p>\n\n\n\n<p><a href=\"http:\/\/www.institut-f\u00fcr-traumahilfe-hamburg.de\" data-type=\"link\" data-id=\"www.institut-f\u00fcr-traumahilfe-hamburg.de\">www.institut-f\u00fcr-traumahilfe-hamburg.de<\/a><\/p>\n\n\n\n<p><\/p>\n","protected":false},"excerpt":{"rendered":"<p>www.tastenspass-hamburg.de&nbsp;Klaviernoten, Kompositionen, Arrangements f\u00fcr sechs bis acht H\u00e4nde, Christiane Becker, Serena Kahnert, Gabriele Schneider www.sternschanzen-atelier.de&nbsp;Atelier f\u00fcr Musik, Bewegung und Improvisation,Serena Kahnert, Klavierunterricht www.musikundpsyche.de&nbsp;Website von Christiane Becker, Musik und Psyche, Klavierunterricht, Musiktherapie, Komposition www.institut-f\u00fcr-traumahilfe-hamburg.de<\/p>\n","protected":false},"author":1,"featured_media":0,"parent":0,"menu_order":0,"comment_status":"closed","ping_status":"closed","template":"","meta":{"footnotes":""},"class_list":["post-18","page","type-page","status-publish","hentry"],"_links":{"self":[{"href":"https:\/\/musik-macht-spass-hamburg.de\/index.php?rest_route=\/wp\/v2\/pages\/18","targetHints":{"allow":["GET"]}}],"collection":[{"href":"https:\/\/musik-macht-spass-hamburg.de\/index.php?rest_route=\/wp\/v2\/pages"}],"about":[{"href":"https:\/\/musik-macht-spass-hamburg.de\/index.php?rest_route=\/wp\/v2\/types\/page"}],"author":[{"embeddable":true,"href":"https:\/\/musik-macht-spass-hamburg.de\/index.php?rest_route=\/wp\/v2\/users\/1"}],"replies":[{"embeddable":true,"href":"https:\/\/musik-macht-spass-hamburg.de\/index.php?rest_route=%2Fwp%2Fv2%2Fcomments&post=18"}],"version-history":[{"count":2,"href":"https:\/\/musik-macht-spass-hamburg.de\/index.php?rest_route=\/wp\/v2\/pages\/18\/revisions"}],"predecessor-version":[{"id":146,"href":"https:\/\/musik-macht-spass-hamburg.de\/index.php?rest_route=\/wp\/v2\/pages\/18\/revisions\/146"}],"wp:attachment":[{"href":"https:\/\/musik-macht-spass-hamburg.de\/index.php?rest_route=%2Fwp%2Fv2%2Fmedia&parent=18"}],"curies":[{"name":"wp","href":"https:\/\/api.w.org\/{rel}","templated":true}]}}